{"id":7,"date":"2025-12-16T17:19:53","date_gmt":"2025-12-16T17:19:53","guid":{"rendered":"https:\/\/assur-voyage.ma\/?page_id=7"},"modified":"2025-12-18T09:55:44","modified_gmt":"2025-12-18T09:55:44","slug":"assurances-voyages","status":"publish","type":"page","link":"https:\/\/assur-voyage.ma\/","title":{"rendered":"Assurances Voyages Maroc"},"content":{"rendered":"\t\t<div data-elementor-type=\"wp-post\" data-elementor-id=\"7\" class=\"elementor elementor-7\">\n\t\t\t\t<div class=\"elementor-element elementor-element-3abf268 e-flex e-con-boxed e-con e-parent\" data-id=\"3abf268\" data-element_type=\"container\" data-settings=\"{&quot;background_background&quot;:&quot;classic&quot;}\">\n\t\t\t\t\t<div class=\"e-con-inner\">\n\t\t\t\t<div class=\"elementor-element elementor-element-12be9ee elementor-widget elementor-widget-image\" data-id=\"12be9ee\" data-element_type=\"widget\" data-widget_type=\"image.default\">\n\t\t\t\t\t\t\t\t\t\t\t\t\t\t\t<img fetchpriority=\"high\" decoding=\"async\" width=\"757\" height=\"84\" src=\"https:\/\/assur-voyage.ma\/wp-content\/uploads\/2025\/12\/logo-cherradi.png\" class=\"attachment-large size-large wp-image-12\" alt=\"\" srcset=\"https:\/\/assur-voyage.ma\/wp-content\/uploads\/2025\/12\/logo-cherradi.png 757w, https:\/\/assur-voyage.ma\/wp-content\/uploads\/2025\/12\/logo-cherradi-300x33.png.webp 300w\" sizes=\"(max-width: 757px) 100vw, 757px\" title=\"\">\t\t\t\t\t\t\t\t\t\t\t\t\t\t\t<\/div>\n\t\t\t\t\t<\/div>\n\t\t\t\t<\/div>\n\t\t<div class=\"elementor-element elementor-element-f27cc18 e-flex e-con-boxed e-con e-parent\" data-id=\"f27cc18\" data-element_type=\"container\" data-settings=\"{&quot;background_background&quot;:&quot;gradient&quot;}\">\n\t\t\t\t\t<div class=\"e-con-inner\">\n\t\t\t\t<div class=\"elementor-element elementor-element-545dee7 elementor-widget elementor-widget-heading\" data-id=\"545dee7\" data-element_type=\"widget\" data-widget_type=\"heading.default\">\n\t\t\t\t\t<h2 class=\"elementor-heading-title elementor-size-default\">Obtenez votre assurance voyage <br>\nen 10 minutes<\/h2>\t\t\t\t<\/div>\n\t\t\t\t<div class=\"elementor-element elementor-element-04c9972 elementor-widget elementor-widget-heading\" data-id=\"04c9972\" data-element_type=\"widget\" data-widget_type=\"heading.default\">\n\t\t\t\t\t<h2 class=\"elementor-heading-title elementor-size-default\">Conforme pour demande de visa<\/h2>\t\t\t\t<\/div>\n\t\t\t\t<div class=\"elementor-element elementor-element-9d71783 elementor-list-item-link-inline elementor-mobile-align-left elementor-align-center elementor-icon-list--layout-traditional elementor-widget elementor-widget-icon-list\" data-id=\"9d71783\" data-element_type=\"widget\" data-widget_type=\"icon-list.default\">\n\t\t\t\t\t\t\t<ul class=\"elementor-icon-list-items\">\n\t\t\t\t\t\t\t<li class=\"elementor-icon-list-item\">\n\t\t\t\t\t\t\t\t\t\t\t<span class=\"elementor-icon-list-icon\">\n\t\t\t\t\t\t\t<svg aria-hidden=\"true\" class=\"e-font-icon-svg e-fas-check\" viewBox=\"0 0 512 512\" xmlns=\"http:\/\/www.w3.org\/2000\/svg\"><path d=\"M173.898 439.404l-166.4-166.4c-9.997-9.997-9.997-26.206 0-36.204l36.203-36.204c9.997-9.998 26.207-9.998 36.204 0L192 312.69 432.095 72.596c9.997-9.997 26.207-9.997 36.204 0l36.203 36.204c9.997 9.997 9.997 26.206 0 36.204l-294.4 294.401c-9.998 9.997-26.207 9.997-36.204-.001z\"><\/path><\/svg>\t\t\t\t\t\t<\/span>\n\t\t\t\t\t\t\t\t\t\t<span class=\"elementor-icon-list-text\">Attestation Visa Schengen et Monde<\/span>\n\t\t\t\t\t\t\t\t\t<\/li>\n\t\t\t\t\t\t\t\t<li class=\"elementor-icon-list-item\">\n\t\t\t\t\t\t\t\t\t\t\t<span class=\"elementor-icon-list-icon\">\n\t\t\t\t\t\t\t<svg aria-hidden=\"true\" class=\"e-font-icon-svg e-fas-check\" viewBox=\"0 0 512 512\" xmlns=\"http:\/\/www.w3.org\/2000\/svg\"><path d=\"M173.898 439.404l-166.4-166.4c-9.997-9.997-9.997-26.206 0-36.204l36.203-36.204c9.997-9.998 26.207-9.998 36.204 0L192 312.69 432.095 72.596c9.997-9.997 26.207-9.997 36.204 0l36.203 36.204c9.997 9.997 9.997 26.206 0 36.204l-294.4 294.401c-9.998 9.997-26.207 9.997-36.204-.001z\"><\/path><\/svg>\t\t\t\t\t\t<\/span>\n\t\t\t\t\t\t\t\t\t\t<span class=\"elementor-icon-list-text\">Couverture m\u00e9dicale jusqu\u2019\u00e0 300 000 Dh<\/span>\n\t\t\t\t\t\t\t\t\t<\/li>\n\t\t\t\t\t\t\t\t<li class=\"elementor-icon-list-item\">\n\t\t\t\t\t\t\t\t\t\t\t<span class=\"elementor-icon-list-icon\">\n\t\t\t\t\t\t\t<svg aria-hidden=\"true\" class=\"e-font-icon-svg e-fas-check\" viewBox=\"0 0 512 512\" xmlns=\"http:\/\/www.w3.org\/2000\/svg\"><path d=\"M173.898 439.404l-166.4-166.4c-9.997-9.997-9.997-26.206 0-36.204l36.203-36.204c9.997-9.998 26.207-9.998 36.204 0L192 312.69 432.095 72.596c9.997-9.997 26.207-9.997 36.204 0l36.203 36.204c9.997 9.997 9.997 26.206 0 36.204l-294.4 294.401c-9.998 9.997-26.207 9.997-36.204-.001z\"><\/path><\/svg>\t\t\t\t\t\t<\/span>\n\t\t\t\t\t\t\t\t\t\t<span class=\"elementor-icon-list-text\">Attestation envoy\u00e9e instantan\u00e9ment<\/span>\n\t\t\t\t\t\t\t\t\t<\/li>\n\t\t\t\t\t\t<\/ul>\n\t\t\t\t\t\t<\/div>\n\t\t\t\t<div class=\"elementor-element elementor-element-5bfefec elementor-mobile-align-justify elementor-align-center elementor-widget elementor-widget-button\" data-id=\"5bfefec\" data-element_type=\"widget\" data-widget_type=\"button.default\">\n\t\t\t\t\t\t\t\t\t\t<a class=\"elementor-button elementor-button-link elementor-size-sm elementor-animation-grow-rotate\" href=\"https:\/\/wa.me\/212707078800?text=Bonjour%20je%20souhaite%20obtenir%20une%20assurance%20voyage.\" rel=\"nofollow noopener\" target=\"_blank\">\n\t\t\t\t\t\t<span class=\"elementor-button-content-wrapper\">\n\t\t\t\t\t\t<span class=\"elementor-button-icon\">\n\t\t\t\t<svg aria-hidden=\"true\" class=\"e-font-icon-svg e-fas-angle-double-right\" viewBox=\"0 0 448 512\" xmlns=\"http:\/\/www.w3.org\/2000\/svg\"><path d=\"M224.3 273l-136 136c-9.4 9.4-24.6 9.4-33.9 0l-22.6-22.6c-9.4-9.4-9.4-24.6 0-33.9l96.4-96.4-96.4-96.4c-9.4-9.4-9.4-24.6 0-33.9L54.3 103c9.4-9.4 24.6-9.4 33.9 0l136 136c9.5 9.4 9.5 24.6.1 34zm192-34l-136-136c-9.4-9.4-24.6-9.4-33.9 0l-22.6 22.6c-9.4 9.4-9.4 24.6 0 33.9l96.4 96.4-96.4 96.4c-9.4 9.4-9.4 24.6 0 33.9l22.6 22.6c9.4 9.4 24.6 9.4 33.9 0l136-136c9.4-9.2 9.4-24.4 0-33.8z\"><\/path><\/svg>\t\t\t<\/span>\n\t\t\t\t\t\t\t\t\t<span class=\"elementor-button-text\">Demande de souscription<\/span>\n\t\t\t\t\t<\/span>\n\t\t\t\t\t<\/a>\n\t\t\t\t\t\t\t\t<\/div>\n\t\t\t\t\t<\/div>\n\t\t\t\t<\/div>\n\t\t<div class=\"elementor-element elementor-element-d1cec59 e-flex e-con-boxed e-con e-parent\" data-id=\"d1cec59\" data-element_type=\"container\">\n\t\t\t\t\t<div class=\"e-con-inner\">\n\t\t\t\t<div class=\"elementor-element elementor-element-15c7b36 elementor-widget elementor-widget-heading\" data-id=\"15c7b36\" data-element_type=\"widget\" data-widget_type=\"heading.default\">\n\t\t\t\t\t<h2 class=\"elementor-heading-title elementor-size-default\">Nos Formules d\u2019assurance voyage<\/h2>\t\t\t\t<\/div>\n\t\t\t\t\t<\/div>\n\t\t\t\t<\/div>\n\t\t<div class=\"elementor-element elementor-element-e885a17 e-flex e-con-boxed e-con e-parent\" data-id=\"e885a17\" data-element_type=\"container\">\n\t\t\t\t\t<div class=\"e-con-inner\">\n\t\t\t\t<div class=\"elementor-element elementor-element-11b7502 elementor-widget elementor-widget-image\" data-id=\"11b7502\" data-element_type=\"widget\" data-widget_type=\"image.default\">\n\t\t\t\t\t\t\t\t\t\t\t\t\t\t\t\t<a href=\"https:\/\/wa.me\/212707078800?text=Bonjour%20je%20souhaite%20obtenir%20une%20assurance%20voyage%20Schengen.\" rel=\"nofollow noopener\" target=\"_blank\">\n\t\t\t\t\t\t\t<img decoding=\"async\" width=\"800\" height=\"304\" src=\"https:\/\/assur-voyage.ma\/wp-content\/uploads\/2025\/12\/WhatsApp-Image-2025-12-16-at-19.01.54-1024x389.jpeg\" class=\"attachment-large size-large wp-image-18\" alt=\"\" srcset=\"https:\/\/assur-voyage.ma\/wp-content\/uploads\/2025\/12\/WhatsApp-Image-2025-12-16-at-19.01.54-1024x389.jpeg.webp 1024w, https:\/\/assur-voyage.ma\/wp-content\/uploads\/2025\/12\/WhatsApp-Image-2025-12-16-at-19.01.54-300x114.jpeg.webp 300w, https:\/\/assur-voyage.ma\/wp-content\/uploads\/2025\/12\/WhatsApp-Image-2025-12-16-at-19.01.54-768x292.jpeg.webp 768w, https:\/\/assur-voyage.ma\/wp-content\/uploads\/2025\/12\/WhatsApp-Image-2025-12-16-at-19.01.54.jpeg.webp 1080w\" sizes=\"(max-width: 800px) 100vw, 800px\" title=\"\">\t\t\t\t\t\t\t\t<\/a>\n\t\t\t\t\t\t\t\t\t\t\t\t\t\t\t<\/div>\n\t\t\t\t<div class=\"elementor-element elementor-element-7ea08e8 elementor-widget elementor-widget-heading\" data-id=\"7ea08e8\" data-element_type=\"widget\" data-widget_type=\"heading.default\">\n\t\t\t\t\t<h4 class=\"elementor-heading-title elementor-size-default\"><a href=\"https:\/\/wa.me\/212707078800?text=Bonjour%20je%20souhaite%20obtenir%20une%20assurance%20voyage%20Schengen.\" rel=\"nofollow noopener\" target=\"_blank\">Assurance Voyage Schengen<\/a><\/h4>\t\t\t\t<\/div>\n\t\t\t\t<div class=\"elementor-element elementor-element-9b3cdc3 elementor-widget elementor-widget-text-editor\" data-id=\"9b3cdc3\" data-element_type=\"widget\" data-widget_type=\"text-editor.default\">\n\t\t\t\t\t\t\t\t\t<p>Couvre le souscripteur dans tout l\u2019espace Schengen\u00a0en cas d\u2019accident ou de maladie.<br \/>Valable pour toute demande de visa Schengen.<\/p>\t\t\t\t\t\t\t\t<\/div>\n\t\t\t\t<div class=\"elementor-element elementor-element-ef25e49 elementor-mobile-align-left elementor-align-center elementor-widget elementor-widget-button\" data-id=\"ef25e49\" data-element_type=\"widget\" data-widget_type=\"button.default\">\n\t\t\t\t\t\t\t\t\t\t<a class=\"elementor-button elementor-button-link elementor-size-sm elementor-animation-grow-rotate\" href=\"https:\/\/wa.me\/212707078800?text=Bonjour%20je%20souhaite%20obtenir%20une%20assurance%20de%20voyage%20Schengen.\" rel=\"nofollow noopener\" target=\"_blank\">\n\t\t\t\t\t\t<span class=\"elementor-button-content-wrapper\">\n\t\t\t\t\t\t<span class=\"elementor-button-icon\">\n\t\t\t\t<svg aria-hidden=\"true\" class=\"e-font-icon-svg e-fas-chevron-right\" viewBox=\"0 0 320 512\" xmlns=\"http:\/\/www.w3.org\/2000\/svg\"><path d=\"M285.476 272.971L91.132 467.314c-9.373 9.373-24.569 9.373-33.941 0l-22.667-22.667c-9.357-9.357-9.375-24.522-.04-33.901L188.505 256 34.484 101.255c-9.335-9.379-9.317-24.544.04-33.901l22.667-22.667c9.373-9.373 24.569-9.373 33.941 0L285.475 239.03c9.373 9.372 9.373 24.568.001 33.941z\"><\/path><\/svg>\t\t\t<\/span>\n\t\t\t\t\t\t\t\t\t<span class=\"elementor-button-text\">Demande de souscription<\/span>\n\t\t\t\t\t<\/span>\n\t\t\t\t\t<\/a>\n\t\t\t\t\t\t\t\t<\/div>\n\t\t\t\t\t<\/div>\n\t\t\t\t<\/div>\n\t\t<div class=\"elementor-element elementor-element-0760e2c e-flex e-con-boxed e-con e-parent\" data-id=\"0760e2c\" data-element_type=\"container\">\n\t\t\t\t\t<div class=\"e-con-inner\">\n\t\t\t\t<div class=\"elementor-element elementor-element-652e1b3 elementor-widget elementor-widget-image\" data-id=\"652e1b3\" data-element_type=\"widget\" data-widget_type=\"image.default\">\n\t\t\t\t\t\t\t\t\t\t\t\t\t\t\t\t<a href=\"https:\/\/wa.me\/212707078800?text=Bonjour%20je%20souhaite%20obtenir%20une%20assurance%20voyage%20internationale.\" rel=\"nofollow noopener\" target=\"_blank\">\n\t\t\t\t\t\t\t<img decoding=\"async\" width=\"800\" height=\"291\" src=\"https:\/\/assur-voyage.ma\/wp-content\/uploads\/2025\/12\/WhatsApp-Image-2025-12-16-at-19.01.54-1-1024x373.jpeg\" class=\"attachment-large size-large wp-image-17\" alt=\"\" srcset=\"https:\/\/assur-voyage.ma\/wp-content\/uploads\/2025\/12\/WhatsApp-Image-2025-12-16-at-19.01.54-1-1024x373.jpeg.webp 1024w, https:\/\/assur-voyage.ma\/wp-content\/uploads\/2025\/12\/WhatsApp-Image-2025-12-16-at-19.01.54-1-300x109.jpeg.webp 300w, https:\/\/assur-voyage.ma\/wp-content\/uploads\/2025\/12\/WhatsApp-Image-2025-12-16-at-19.01.54-1-768x279.jpeg.webp 768w, https:\/\/assur-voyage.ma\/wp-content\/uploads\/2025\/12\/WhatsApp-Image-2025-12-16-at-19.01.54-1.jpeg.webp 1080w\" sizes=\"(max-width: 800px) 100vw, 800px\" title=\"\">\t\t\t\t\t\t\t\t<\/a>\n\t\t\t\t\t\t\t\t\t\t\t\t\t\t\t<\/div>\n\t\t\t\t<div class=\"elementor-element elementor-element-59d9827 elementor-widget elementor-widget-heading\" data-id=\"59d9827\" data-element_type=\"widget\" data-widget_type=\"heading.default\">\n\t\t\t\t\t<h4 class=\"elementor-heading-title elementor-size-default\"><a href=\"https:\/\/wa.me\/212707078800?text=Bonjour%20je%20souhaite%20obtenir%20une%20assurance%20voyage%20internationale.\" rel=\"nofollow noopener\" target=\"_blank\">Assurance Voyage International\n<\/a><\/h4>\t\t\t\t<\/div>\n\t\t\t\t<div class=\"elementor-element elementor-element-8f0acd6 elementor-widget elementor-widget-text-editor\" data-id=\"8f0acd6\" data-element_type=\"widget\" data-widget_type=\"text-editor.default\">\n\t\t\t\t\t\t\t\t\t<p>Couvre le souscripteur et sa famille dans le monde entier en cas d\u2019accident, de maladie ou de vol.<\/p>\t\t\t\t\t\t\t\t<\/div>\n\t\t\t\t<div class=\"elementor-element elementor-element-84b9c15 elementor-mobile-align-left elementor-align-center elementor-widget elementor-widget-button\" data-id=\"84b9c15\" data-element_type=\"widget\" data-widget_type=\"button.default\">\n\t\t\t\t\t\t\t\t\t\t<a class=\"elementor-button elementor-button-link elementor-size-sm elementor-animation-grow-rotate\" href=\"https:\/\/wa.me\/212707078800?text=Bonjour%20je%20souhaite%20obtenir%20une%20assurance%20de%20voyage%20internationale.\" rel=\"nofollow noopener\" target=\"_blank\">\n\t\t\t\t\t\t<span class=\"elementor-button-content-wrapper\">\n\t\t\t\t\t\t<span class=\"elementor-button-icon\">\n\t\t\t\t<svg aria-hidden=\"true\" class=\"e-font-icon-svg e-fas-chevron-right\" viewBox=\"0 0 320 512\" xmlns=\"http:\/\/www.w3.org\/2000\/svg\"><path d=\"M285.476 272.971L91.132 467.314c-9.373 9.373-24.569 9.373-33.941 0l-22.667-22.667c-9.357-9.357-9.375-24.522-.04-33.901L188.505 256 34.484 101.255c-9.335-9.379-9.317-24.544.04-33.901l22.667-22.667c9.373-9.373 24.569-9.373 33.941 0L285.475 239.03c9.373 9.372 9.373 24.568.001 33.941z\"><\/path><\/svg>\t\t\t<\/span>\n\t\t\t\t\t\t\t\t\t<span class=\"elementor-button-text\">Demande de souscription<\/span>\n\t\t\t\t\t<\/span>\n\t\t\t\t\t<\/a>\n\t\t\t\t\t\t\t\t<\/div>\n\t\t\t\t\t<\/div>\n\t\t\t\t<\/div>\n\t\t<div class=\"elementor-element elementor-element-fa6c7e8 e-flex e-con-boxed e-con e-parent\" data-id=\"fa6c7e8\" data-element_type=\"container\">\n\t\t\t\t\t<div class=\"e-con-inner\">\n\t\t\t\t<div class=\"elementor-element elementor-element-590c5c3 elementor-widget elementor-widget-image\" data-id=\"590c5c3\" data-element_type=\"widget\" data-widget_type=\"image.default\">\n\t\t\t\t\t\t\t\t\t\t\t\t\t\t\t\t<a href=\"https:\/\/wa.me\/212707078800?text=Bonjour%20je%20suis%20%C3%A9tudiant(e)%20et%20je%20souhaite%20obtenir%20une%20assurance%20voyage%20%C3%A9tudiant.\" rel=\"nofollow noopener\" target=\"_blank\">\n\t\t\t\t\t\t\t<img loading=\"lazy\" decoding=\"async\" width=\"800\" height=\"291\" src=\"https:\/\/assur-voyage.ma\/wp-content\/uploads\/2025\/12\/Gemini_Generated_Image_fosa8kfosa8kfosa-1024x373.png\" class=\"attachment-large size-large wp-image-20\" alt=\"\" srcset=\"https:\/\/assur-voyage.ma\/wp-content\/uploads\/2025\/12\/Gemini_Generated_Image_fosa8kfosa8kfosa-1024x373.png.webp 1024w, https:\/\/assur-voyage.ma\/wp-content\/uploads\/2025\/12\/Gemini_Generated_Image_fosa8kfosa8kfosa-300x109.png.webp 300w, https:\/\/assur-voyage.ma\/wp-content\/uploads\/2025\/12\/Gemini_Generated_Image_fosa8kfosa8kfosa-768x280.png.webp 768w, https:\/\/assur-voyage.ma\/wp-content\/uploads\/2025\/12\/Gemini_Generated_Image_fosa8kfosa8kfosa-1536x560.png.webp 1536w, https:\/\/assur-voyage.ma\/wp-content\/uploads\/2025\/12\/Gemini_Generated_Image_fosa8kfosa8kfosa-2048x746.png.webp 2048w\" sizes=\"(max-width: 800px) 100vw, 800px\" title=\"\">\t\t\t\t\t\t\t\t<\/a>\n\t\t\t\t\t\t\t\t\t\t\t\t\t\t\t<\/div>\n\t\t\t\t<div class=\"elementor-element elementor-element-3afe373 elementor-widget elementor-widget-heading\" data-id=\"3afe373\" data-element_type=\"widget\" data-widget_type=\"heading.default\">\n\t\t\t\t\t<h4 class=\"elementor-heading-title elementor-size-default\"><a href=\"https:\/\/wa.me\/212707078800?text=Bonjour%20je%20suis%20%C3%A9tudiant(e)%20et%20je%20souhaite%20obtenir%20une%20assurance%20voyage%20%C3%A9tudiant.\" rel=\"nofollow noopener\" target=\"_blank\">Assurance Voyage \u00c9tudiant\n<\/a><\/h4>\t\t\t\t<\/div>\n\t\t\t\t<div class=\"elementor-element elementor-element-dddb777 elementor-widget elementor-widget-text-editor\" data-id=\"dddb777\" data-element_type=\"widget\" data-widget_type=\"text-editor.default\">\n\t\t\t\t\t\t\t\t\t<p>Assurance valable pour le d\u00e9p\u00f4t de dossier de visa pour \u00e9tudes \u00e0 l&#8217;\u00e9tranger.<br \/>Couvre l&#8217;assur\u00e9 en cas de maladie ou d&#8217;accident pendant la dur\u00e9e de s\u00e9jour.<\/p>\t\t\t\t\t\t\t\t<\/div>\n\t\t\t\t<div class=\"elementor-element elementor-element-f286e1e elementor-mobile-align-left elementor-align-center elementor-widget elementor-widget-button\" data-id=\"f286e1e\" data-element_type=\"widget\" data-widget_type=\"button.default\">\n\t\t\t\t\t\t\t\t\t\t<a class=\"elementor-button elementor-button-link elementor-size-sm elementor-animation-grow-rotate\" href=\"https:\/\/wa.me\/212707078800?text=Bonjour%20je%20souhaite%20obtenir%20une%20assurance%20de%20voyage%20%C3%A9tudiant.\" rel=\"nofollow noopener\" target=\"_blank\">\n\t\t\t\t\t\t<span class=\"elementor-button-content-wrapper\">\n\t\t\t\t\t\t<span class=\"elementor-button-icon\">\n\t\t\t\t<svg aria-hidden=\"true\" class=\"e-font-icon-svg e-fas-chevron-right\" viewBox=\"0 0 320 512\" xmlns=\"http:\/\/www.w3.org\/2000\/svg\"><path d=\"M285.476 272.971L91.132 467.314c-9.373 9.373-24.569 9.373-33.941 0l-22.667-22.667c-9.357-9.357-9.375-24.522-.04-33.901L188.505 256 34.484 101.255c-9.335-9.379-9.317-24.544.04-33.901l22.667-22.667c9.373-9.373 24.569-9.373 33.941 0L285.475 239.03c9.373 9.372 9.373 24.568.001 33.941z\"><\/path><\/svg>\t\t\t<\/span>\n\t\t\t\t\t\t\t\t\t<span class=\"elementor-button-text\">Demande de souscription<\/span>\n\t\t\t\t\t<\/span>\n\t\t\t\t\t<\/a>\n\t\t\t\t\t\t\t\t<\/div>\n\t\t\t\t<div class=\"elementor-element elementor-element-eace2f1 elementor-widget elementor-widget-spacer\" data-id=\"eace2f1\" data-element_type=\"widget\" data-widget_type=\"spacer.default\">\n\t\t\t\t\t\t\t<div class=\"elementor-spacer\">\n\t\t\t<div class=\"elementor-spacer-inner\"><\/div>\n\t\t<\/div>\n\t\t\t\t\t\t<\/div>\n\t\t\t\t\t<\/div>\n\t\t\t\t<\/div>\n\t\t<div class=\"elementor-element elementor-element-4d453c1 e-flex e-con-boxed e-con e-parent\" data-id=\"4d453c1\" data-element_type=\"container\" data-settings=\"{&quot;background_background&quot;:&quot;classic&quot;}\">\n\t\t\t\t\t<div class=\"e-con-inner\">\n\t\t\t\t<div class=\"elementor-element elementor-element-f89aed2 elementor-widget elementor-widget-text-editor\" data-id=\"f89aed2\" data-element_type=\"widget\" data-widget_type=\"text-editor.default\">\n\t\t\t\t\t\t\t\t\t<p>Assurances cherradi agent g\u00e9n\u00e9ral d\u2019assurance r\u00e9gie par la loi 17-99 portant code des <b>assurances<br \/>agr\u00e9ment N\u00b0<\/b> A34919533201864084 , du 04\/07\/2018<br \/><b>RC<\/b> 88947<b><br \/>T\u00e9l<\/b> 07 07 07 88 00<\/p>\t\t\t\t\t\t\t\t<\/div>\n\t\t\t\t\t<\/div>\n\t\t\t\t<\/div>\n\t\t<div class=\"elementor-element elementor-element-0d43659 e-flex e-con-boxed e-con e-parent\" data-id=\"0d43659\" data-element_type=\"container\">\n\t\t\t\t\t<div class=\"e-con-inner\">\n\t\t\t\t<div class=\"elementor-element elementor-element-45eb87f elementor-widget elementor-widget-spacer\" data-id=\"45eb87f\" data-element_type=\"widget\" data-widget_type=\"spacer.default\">\n\t\t\t\t\t\t\t<div class=\"elementor-spacer\">\n\t\t\t<div class=\"elementor-spacer-inner\"><\/div>\n\t\t<\/div>\n\t\t\t\t\t\t<\/div>\n\t\t\t\t\t<\/div>\n\t\t\t\t<\/div>\n\t\t\t\t<\/div>\n\t\t","protected":false},"excerpt":{"rendered":"<p>Obtenez votre assurance voyage en 10 minutes Conforme pour demande de visa Attestation Visa Schengen et Monde Couverture m\u00e9dicale jusqu\u2019\u00e0 300 000 Dh Attestation envoy\u00e9e instantan\u00e9ment Demande de souscription Nos Formules d\u2019assurance voyage Assurance Voyage Schengen Couvre le souscripteur dans tout l\u2019espace Schengen\u00a0en cas d\u2019accident ou de maladie.Valable pour toute demande de visa Schengen. Demande [&hellip;]<\/p>\n","protected":false},"author":1,"featured_media":0,"parent":0,"menu_order":0,"comment_status":"closed","ping_status":"closed","template":"elementor_canvas","meta":{"footnotes":""},"class_list":["post-7","page","type-page","status-publish","hentry"],"_links":{"self":[{"href":"https:\/\/assur-voyage.ma\/index.php\/wp-json\/wp\/v2\/pages\/7","targetHints":{"allow":["GET"]}}],"collection":[{"href":"https:\/\/assur-voyage.ma\/index.php\/wp-json\/wp\/v2\/pages"}],"about":[{"href":"https:\/\/assur-voyage.ma\/index.php\/wp-json\/wp\/v2\/types\/page"}],"author":[{"embeddable":true,"href":"https:\/\/assur-voyage.ma\/index.php\/wp-json\/wp\/v2\/users\/1"}],"replies":[{"embeddable":true,"href":"https:\/\/assur-voyage.ma\/index.php\/wp-json\/wp\/v2\/comments?post=7"}],"version-history":[{"count":59,"href":"https:\/\/assur-voyage.ma\/index.php\/wp-json\/wp\/v2\/pages\/7\/revisions"}],"predecessor-version":[{"id":77,"href":"https:\/\/assur-voyage.ma\/index.php\/wp-json\/wp\/v2\/pages\/7\/revisions\/77"}],"wp:attachment":[{"href":"https:\/\/assur-voyage.ma\/index.php\/wp-json\/wp\/v2\/media?parent=7"}],"curies":[{"name":"wp","href":"https:\/\/api.w.org\/{rel}","templated":true}]}}